{"id":671,"date":"2023-12-05T19:34:25","date_gmt":"2023-12-05T19:34:25","guid":{"rendered":"http:\/\/saanouni.com\/?page_id=671"},"modified":"2023-12-05T19:34:31","modified_gmt":"2023-12-05T19:34:31","slug":"%d8%aa%d9%88%d8%a7%d8%b5%d9%84-%d9%82%d8%af%d9%85%d8%a7%d8%a1-%d9%83%d9%84%d9%8a%d8%a9-%d8%a7%d9%84%d8%ad%d9%82%d9%88%d9%82","status":"publish","type":"page","link":"http:\/\/saanouni.com\/?page_id=671&lang=ar","title":{"rendered":"\u062a\u0648\u0627\u0635\u0644 \u0642\u062f\u0645\u0627\u0621 \u0643\u0644\u064a\u0629 \u0627\u0644\u062d\u0642\u0648\u0642"},"content":{"rendered":"<h2 style=\"box-sizing: border-box; color: rgb(68, 186, 70); padding: 10px 5px; font-family: OpenSans-bold; text-transform: uppercase; font-size: 17px;\">\n<strong style=\"box-sizing: border-box;\"><span style=\"box-sizing: border-box; font-family: \" times=\"\" new=\"\" roman\",=\"\" times,=\"\" serif;\"=\"\"><span style=\"box-sizing: border-box; font-size: 24px;\"><span style=\"box-sizing: border-box; color: rgb(0, 0, 153);\">BI\u1ec2N ALU D\u00c1N DECAL L\u00c0 G\u00cc ?<\/span><\/span><\/span><\/strong><\/h2>\n<p style=\"box-sizing: border-box; color: rgb(51, 51, 51); font-family: arial; font-size: 16px;\">\n\tBi\u1ec3n alu d\u00e1n decal \u0111\u01b0\u1ee3c l\u00e0m t\u1eeb hai l\u1edbp v\u1eadt li\u1ec7u kh\u00e1c nhau: l\u1edbp \u0111\u1ea7u ti\u00ean l\u00e0 t\u1ea5m nh\u00f4m, v\u00e0 l\u1edbp th\u1ee9 hai l\u00e0 decal. T\u1ea5m nh\u00f4m c\u00f3 \u0111\u1ed9 d\u00e0y t\u1eeb 0.3mm-2mm, v\u00e0 \u0111\u01b0\u1ee3c c\u1eaft theo k\u00edch th\u01b0\u1edbc c\u1ea7n thi\u1ebft cho bi\u1ec3n qu\u1ea3ng c\u00e1o. Sau \u0111\u00f3, decal s\u1ebd \u0111\u01b0\u1ee3c in h\u00ecnh \u1ea3nh, th\u00f4ng tin, ho\u1eb7c logo c\u1ee7a doanh nghi\u1ec7p l\u00ean v\u00e0 \u0111\u01b0\u1ee3c d\u00e1n l\u00ean b\u1ec1 m\u1eb7t t\u1ea5m nh\u00f4m.<\/p>\n<p style=\"box-sizing: border-box; color: rgb(51, 51, 51); font-family: arial; font-size: 16px;\">\n<div class=\"lightGallery-image\" style=\"box-sizing: border-box; width: 911px; justify-content: center; display: inline-flex;\">\n<img decoding=\"async\" alt=\"Bi\u1ec3n Alu d\u00e1n Decal\" class=\"BorderImg\" id=\"dongdau\" src=\"https:\/\/www.quangcaochatviet.com\/upload\/images\/alu%20b%E1%BB%93i%20decal\/alu%20dan%20decal%204.jpg\" style=\"box-sizing: border-box; border: none; max-width: 100%; height: auto !important; margin: 7px 0px; width: auto;\"><\/div>\n<h2 style=\"box-sizing: border-box; color: rgb(68, 186, 70); padding: 10px 5px; font-family: OpenSans-bold; text-transform: uppercase; font-size: 17px;\">\n<span style=\"box-sizing: border-box; color: rgb(0, 0, 153);\"><strong style=\"box-sizing: border-box; color: rgb(68, 186, 70);\"><span style=\"box-sizing: border-box; font-size: 24px;\"><span style=\"box-sizing: border-box; font-family: \" times=\"\" new=\"\" roman\",=\"\" times,=\"\" serif;\"=\"\">II. BI\u1ec2N ALU B\u1ed2I DECAL C\u00d3 \u01afU \u0110I\u1ec2M G\u00cc?<\/span><\/span><\/strong><\/span><\/h2>\n<p style=\"box-sizing: border-box; color: rgb(51, 51, 51); font-family: arial; font-size: 16px;\">\n\tBi\u1ec3n alu b\u1ed3i decal c\u00f3 nhi\u1ec1u \u01b0u \u0111i\u1ec3m khi s\u1eed d\u1ee5ng l\u00e0m lo\u1ea1i bi\u1ec3n qu\u1ea3ng c\u00e1o cho doanh nghi\u1ec7p. D\u01b0\u1edbi \u0111\u00e2y l\u00e0 m\u1ed9t s\u1ed1 \u01b0u \u0111i\u1ec3m c\u1ee7a lo\u1ea1i bi\u1ec3n n\u00e0y:<\/p>\n<p><iframe loading=\"lazy\" allowfullscreen=\"\" height=\"315\" src=\"https:\/\/www.youtube.com\/embed\/CdiP9DDPt34\" title=\"Bi\u1ec3n Alu D\u00e1n Decal\" width=\"560\"><\/iframe><\/p>\n<h3 style=\"box-sizing: border-box; color: rgb(68, 186, 70); padding: 10px 5px; font-family: OpenSans-bold; text-transform: uppercase; font-size: 17px;\">\n\tA. \u0110A D\u1ea0NG V\u1ec0 K\u00cdCH TH\u01af\u1edaC V\u00c0 H\u00ccNH D\u00c1NG<\/h3>\n<p><img decoding=\"async\" alt=\"Bi\u1ec3n Alu D\u00e1n Decal\" src=\"https:\/\/pos.nvncdn.net\/6f1d07-2844\/ps\/content\/20230307_k4EqqCamQ5UJ41h8IsAzmK8d.jpg\" title=\"Bi\u1ec3n Alu D\u00e1n Decal\"><br \/>\n<a alt=\"b\u1ea3ng hi\u1ec7u\" href=\"https:\/\/quangcaochatviet.com\/bien-hieu-quang-cao\" rel=\"dofollow noopener noreferrer\" style=\"box-sizing: border-box; text-decoration-line: none;\" target=\"_self\" title=\"b\u1ea3ng hi\u1ec7u\">B\u1ea2NG HI\u1ec6U<\/a><\/p>\n<p style=\"box-sizing: border-box; color: rgb(51, 51, 51); font-family: arial; font-size: 16px;\">\n\tV\u1edbi bi\u1ec3n alu b\u1ed3i decal, b\u1ea1n c\u00f3 th\u1ec3 t\u00f9y ch\u1ec9nh k\u00edch th\u01b0\u1edbc v\u00e0 h\u00ecnh d\u00e1ng ph\u00f9 h\u1ee3p v\u1edbi nhu c\u1ea7u c\u1ee7a doanh nghi\u1ec7p m\u00ecnh. B\u1ea1n c\u00f3 th\u1ec3 ch\u1ecdn k\u00edch th\u01b0\u1edbc l\u1edbn ho\u1eb7c nh\u1ecf, h\u00ecnh d\u00e1ng vu\u00f4ng, tr\u00f2n, ch\u1eef nh\u1eadt, tam gi\u00e1c hay h\u00ecnh th\u00f9 kh\u00e1c \u0111\u1ec3 t\u1ea1o ra m\u1ed9t bi\u1ec3n qu\u1ea3ng c\u00e1o \u0111\u1ed9c \u0111\u00e1o.<\/p>\n<h3 style=\"box-sizing: border-box; color: rgb(68, 186, 70); padding: 10px 5px; font-family: OpenSans-bold; text-transform: uppercase; font-size: 17px;\">\n\tB. S\u00c1NG B\u00d3NG V\u00c0 B\u1ec0N \u0110\u1eb8P<\/h3>\n<p style=\"box-sizing: border-box; color: rgb(51, 51, 51); font-family: arial; font-size: 16px;\">\n\tBi\u1ec3n alu b\u1ed3i decal \u0111\u01b0\u1ee3c l\u00e0m t\u1eeb v\u1eadt li\u1ec7u nh\u00f4m v\u00e0 decal ch\u1ea5t l\u01b0\u1ee3ng cao, gi\u00fap bi\u1ec3n s\u00e1ng b\u00f3ng v\u00e0 b\u1ec1n \u0111\u1eb9p theo th\u1eddi gian. V\u1edbi vi\u1ec7c s\u1eed d\u1ee5ng nguy\u00ean li\u1ec7u ch\u1ea5t l\u01b0\u1ee3ng cao, bi\u1ec3n alu b\u1ed3i decal s\u1ebd kh\u00f4ng b\u1ecb bay m\u00e0u hay tr\u1ea7y x\u01b0\u1edbc sau m\u1ed9t th\u1eddi gian s\u1eed d\u1ee5ng.<\/p>\n<p><iframe loading=\"lazy\" allowfullscreen=\"\" height=\"315\" src=\"https:\/\/www.youtube.com\/embed\/KOVYhv50zM0\" title=\"Bi\u1ec3n Alu D\u00e1n Decal\" width=\"560\"><\/iframe><\/p>\n<h3 style=\"box-sizing: border-box; color: rgb(68, 186, 70); padding: 10px 5px; font-family: OpenSans-bold; text-transform: uppercase; font-size: 17px;\">\n\tC. D\u1ec4 D\u00c0NG L\u1eaeP \u0110\u1eb6T V\u00c0 DI CHUY\u1ec2N<\/h3>\n<p style=\"box-sizing: border-box; color: rgb(51, 51, 51); font-family: arial; font-size: 16px;\">\n\tBi\u1ec3n alu b\u1ed3i decal c\u00f3 tr\u1ecdng l\u01b0\u1ee3ng nh\u1eb9, gi\u00fap vi\u1ec7c l\u1eafp \u0111\u1eb7t v\u00e0 di chuy\u1ec3n tr\u1edf n\u00ean d\u1ec5 d\u00e0ng h\u01a1n so v\u1edbi c\u00e1c lo\u1ea1i bi\u1ec3n qu\u1ea3ng c\u00e1o kh\u00e1c. B\u1ea1n kh\u00f4ng c\u1ea7n ph\u1ea3i thu\u00ea th\u1ee3 s\u1eeda ch\u1eefa \u0111\u1ec3 l\u1eafp \u0111\u1eb7t hay di chuy\u1ec3n bi\u1ec3n, m\u00e0 c\u00f3 th\u1ec3 t\u1ef1 l\u00e0m \u0111\u01b0\u1ee3c.<\/p>\n<pre style=\"box-sizing: border-box; color: rgb(51, 51, 51); font-size: 16px;\"><span style=\"box-sizing: border-box; color: rgb(0, 0, 153);\"><strong style=\"box-sizing: border-box; color: rgb(68, 186, 70);\"><span style=\"box-sizing: border-box; font-family: \" times=\"\" new=\"\" roman\",=\"\" times,=\"\" serif;\"=\"\"><span style=\"box-sizing: border-box; font-size: 24px;\">III. Bi\u1ec3n alu b\u1ed3i decal c\u00f3 nh\u01b0\u1ee3c \u0111i\u1ec3m g\u00ec?<\/span><\/span><\/strong><\/span><\/pre>\n<p style=\"box-sizing: border-box; color: rgb(51, 51, 51); font-family: arial; font-size: 16px;\">\n\tM\u1eb7c d\u00f9 bi\u1ec3n alu b\u1ed3i decal c\u00f3 nhi\u1ec1u \u01b0u \u0111i\u1ec3m, nh\u01b0ng c\u0169ng c\u00f3 m\u1ed9t s\u1ed1 nh\u01b0\u1ee3c \u0111i\u1ec3m khi s\u1eed d\u1ee5ng. D\u01b0\u1edbi \u0111\u00e2y l\u00e0 m\u1ed9t s\u1ed1 nh\u01b0\u1ee3c \u0111i\u1ec3m c\u1ee7a lo\u1ea1i bi\u1ec3n n\u00e0y:<\/p>\n<h3 style=\"box-sizing: border-box; color: rgb(68, 186, 70); padding: 10px 5px; font-family: OpenSans-bold; text-transform: uppercase; font-size: 17px;\">\n\tA. GI\u00c1 TH\u00c0NH \u0110\u1eaeT \u0110\u1ece<\/h3>\n<p style=\"box-sizing: border-box; color: rgb(51, 51, 51); font-family: arial; font-size: 16px;\">\n\tSov\u1edbi c\u00e1c lo\u1ea1i bi\u1ec3n qu\u1ea3ng c\u00e1o kh\u00e1c, bi\u1ec3n alu b\u1ed3i decal c\u00f3 gi\u00e1 th\u00e0nh \u0111\u1eaft \u0111\u1ecf h\u01a1n do nguy\u00ean li\u1ec7u v\u00e0 c\u00f4ng ngh\u1ec7 s\u1ea3n xu\u1ea5t cao h\u01a1n.<\/p>\n<p><img decoding=\"async\" alt=\"Bi\u1ec3n Alu D\u00e1n Decal\" src=\"https:\/\/aloquangcao.net\/wp-content\/uploads\/2017\/06\/bang-mica-dan-decal.jpg\" title=\"Bi\u1ec3n Alu D\u00e1n Decal\"><\/p>\n<h3 style=\"box-sizing: border-box; color: rgb(68, 186, 70); padding: 10px 5px; font-family: OpenSans-bold; text-transform: uppercase; font-size: 17px;\">\n\tB. KH\u00d4NG TH\u00cdCH H\u1ee2P \u0110\u1ec2 S\u1eec D\u1ee4NG NGO\u00c0I TR\u1edcI<\/h3>\n<p style=\"box-sizing: border-box; color: rgb(51, 51, 51); font-family: arial; font-size: 16px;\">\n\tBi\u1ec3n alu b\u1ed3i decal kh\u00f4ng ph\u1ea3i l\u00e0 lo\u1ea1i bi\u1ec3n qu\u1ea3ng c\u00e1o \u0111\u01b0\u1ee3c thi\u1ebft k\u1ebf \u0111\u1ec3 s\u1eed d\u1ee5ng ngo\u00e0i tr\u1eddi trong th\u1eddi gian d\u00e0i. Do v\u1eadt li\u1ec7u nh\u00f4m c\u00f3 th\u1ec3 b\u1ecb oxy h\u00f3a, bi\u1ec3n s\u1ebd c\u00f3 xu h\u01b0\u1edbng bong tr\u00f3c v\u00e0 m\u1ea5t t\u00ednh th\u1ea9m m\u1ef9 sau khi s\u1eed d\u1ee5ng ngo\u00e0i tr\u1eddi trong m\u1ed9t kho\u1ea3ng th\u1eddi gian d\u00e0i.<\/p>\n<p><img decoding=\"async\" alt=\"Bi\u1ec3n Alu D\u00e1n Decal\" src=\"http:\/\/quangcaohaiduong.vn\/wp-content\/uploads\/2020\/10\/x\u01b0\u1edfng-tranh-t\u1ea1i-h\u1ea3i-d\u01b0\u01a1ng-800x800.jpg\" title=\"Bi\u1ec3n Alu D\u00e1n Decal\"><\/p>\n<h2 style=\"box-sizing: border-box; color: rgb(68, 186, 70); padding: 10px 5px; font-family: OpenSans-bold; text-transform: uppercase; font-size: 17px;\">\n<strong style=\"box-sizing: border-box;\"><span style=\"box-sizing: border-box; color: rgb(0, 0, 153);\"><span style=\"box-sizing: border-box; font-size: 24px;\"><span style=\"box-sizing: border-box; font-family: \" times=\"\" new=\"\" roman\",=\"\" times,=\"\" serif;\"=\"\">IV. C\u00c1C L\u1ef0A CH\u1eccN THAY TH\u1ebe CHO BI\u1ec2N <img decoding=\"async\" alt=\"Bi\u1ec3n Alu D\u00e1n Decal\" src=\"https:\/\/lambienled.com\/wp-content\/uploads\/2019\/11\/lam-bien-quang-cao-dan-de-dan-a.jpg\" title=\"Bi\u1ec3n Alu D\u00e1n Decal\"><a alt=\"ch\u1eef mica\" href=\"https:\/\/www.quangcaochatviet.com\/chu-noi-mica-alu-mdf\" rel=\"dofollow noopener noreferrer\" target=\"_blank\" title=\"alu\">alu<\/a> B\u1ed2I DECAL<\/span><\/span><\/span><\/strong><\/h2>\n<p style=\"box-sizing: border-box; color: rgb(51, 51, 51); font-family: arial; font-size: 16px;\">\n\tN\u1ebfu b\u1ea1n kh\u00f4ng mu\u1ed1n s\u1eed d\u1ee5ng bi\u1ec3n alu b\u1ed3i decal, c\u00f3 r\u1ea5t nhi\u1ec1u l\u1ef1a ch\u1ecdn kh\u00e1c cho<a alt=\"b\u1ea3ng hi\u1ec7u\" href=\"https:\/\/quangcaochatviet.com\/bien-hieu-quang-cao\" rel=\"dofollow noopener noreferrer\" style=\"box-sizing: border-box; text-decoration-line: none;\" target=\"_self\" title=\"b\u1ea3ng hi\u1ec7u\">B\u1ea2NG HI\u1ec6U<\/a>  bi\u1ec3n qu\u1ea3ng c\u00e1o c\u1ee7a doanh nghi\u1ec7p c\u1ee7a b\u1ea1n. D\u01b0\u1edbi \u0111\u00e2y l\u00e0 m\u1ed9t s\u1ed1 l\u1ef1a ch\u1ecdn thay th\u1ebf:<\/p>\n<h3 style=\"box-sizing: border-box; color: rgb(68, 186, 70); padding: 10px 5px; font-family: OpenSans-bold; text-transform: uppercase; font-size: 17px;\">\n\tA. BI\u1ec2N ALU COMPO<\/h3>\n<p style=\"box-sizing: border-box; color: rgb(51, 51, 51); font-family: arial; font-size: 16px;\">\n\tBi\u1ec3n alu compo c\u0169ng \u0111\u01b0\u1ee3c l\u00e0m t\u1eeb t\u1ea5m nh\u00f4m, nh\u01b0ng thay v\u00ec decal, th\u00f4ng tin v\u00e0 h\u00ecnh \u1ea3nh \u0111\u01b0\u1ee3c in tr\u1ef1c ti\u1ebfp l\u00ean b\u1ec1 m\u1eb7t nh\u00f4m. Bi\u1ec3n <a alt=\"ch\u1eef mica\" href=\"https:\/\/www.quangcaochatviet.com\/chu-noi-mica-alu-mdf\" rel=\"dofollow noopener noreferrer\" target=\"_blank\" title=\"alu\">alu<\/a> compo c\u00f3 \u0111\u1ed9 b\u1ec1n cao h\u01a1n so v\u1edbi bi\u1ec3n <a alt=\"ch\u1eef mica\" href=\"https:\/\/www.quangcaochatviet.com\/chu-noi-mica-alu-mdf\" rel=\"dofollow noopener noreferrer\" target=\"_blank\" title=\"alu\">alu<\/a> b\u1ed3i decal v\u00e0 th\u00edch h\u1ee3p \u0111\u1ec3 s\u1eed d\u1ee5ng ngo\u00e0i tr\u1eddi.<\/p>\n<h3 style=\"box-sizing: border-box; color: rgb(68, 186, 70); padding: 10px 5px; font-family: OpenSans-bold; text-transform: uppercase; font-size: 17px;\">\n\tB. BI\u1ec2N MICA<\/h3>\n<p><iframe loading=\"lazy\" allowfullscreen=\"\" height=\"315\" src=\"https:\/\/www.youtube.com\/embed\/pGZ_SSnHePc\" title=\"Bi\u1ec3n Alu D\u00e1n Decal\" width=\"560\"><\/iframe><\/p>\n<p style=\"box-sizing: border-box; color: rgb(51, 51, 51); font-family: arial; font-size: 16px;\">\n\tBi\u1ec3n mica \u0111\u01b0\u1ee3c l\u00e0m t\u1eeb t\u1ea5m acrylic trong su\u1ed1t, c\u00f3 \u0111\u1ed9 b\u1ec1n cao v\u00e0 kh\u00f4ng b\u1ecb bay m\u00e0u hay tr\u1ea7y x\u01b0\u1edbc sau m\u1ed9t th\u1eddi gian s\u1eed d\u1ee5ng. Bi\u1ec3n mica c\u00f2n c\u00f3 th\u1ec3 \u0111\u01b0\u1ee3c thi\u1ebft k\u1ebf v\u1edbi \u0111\u00e8n LED \u0111\u1ec3 t\u1ea1o ra m\u1ed9t bi\u1ec3n qu\u1ea3ng c\u00e1o n\u1ed5i b\u1eadt v\u00e0 thu h\u00fat kh\u00e1ch h\u00e0ng.<\/p>\n<p><img decoding=\"async\" alt=\"Bi\u1ec3n Alu D\u00e1n Decal\" src=\"https:\/\/quangcaothaothanh.com\/wp-content\/uploads\/2017\/10\/bang-alu-dan-decal-1-700x525.png\" title=\"Bi\u1ec3n Alu D\u00e1n Decal\"><\/p>\n<h3 style=\"box-sizing: border-box; color: rgb(68, 186, 70); padding: 10px 5px; font-family: OpenSans-bold; text-transform: uppercase; font-size: 17px;\">\n\tC. BI\u1ec2N INOX<\/h3>\n<p style=\"box-sizing: border-box; color: rgb(51, 51, 51); font-family: arial; font-size: 16px;\">\n\tBi\u1ec3n inox \u0111\u01b0\u1ee3c l\u00e0m t\u1eeb th\u00e9p kh\u00f4ng g\u1ec9, c\u00f3 \u0111\u1ed9 b\u1ec1n cao v\u00e0 kh\u00f4ng b\u1ecb oxy h\u00f3a khi s\u1eed d\u1ee5ng ngo\u00e0i tr\u1eddi. Bi\u1ec3n inox c\u00f2n \u0111\u01b0\u1ee3c thi\u1ebft k\u1ebf v\u1edbi c\u00e1c chi ti\u1ebft \u0111\u1ee5c l\u1ed7 ho\u1eb7c c\u1eaft laser \u0111\u1ec3 t\u1ea1o ra m\u1ed9t bi\u1ec3n qu\u1ea3ng c\u00e1o \u0111\u1ed9c \u0111\u00e1o.<\/p>\n<h2 style=\"box-sizing: border-box; color: rgb(68, 186, 70); padding: 10px 5px; font-family: OpenSans-bold; text-transform: uppercase; font-size: 17px;\">\n\tV. L\u00c0M TH\u1ebe N\u00c0O \u0110\u1ec2 \u0110\u1eb6T MUA BI\u1ec2N ALU B\u1ed2I DECAL?<\/h2>\n<p style=\"box-sizing: border-box; color: rgb(51, 51, 51); font-family: arial; font-size: 16px;\">\n\tN\u1ebfu b\u1ea1n quy\u1ebft \u0111\u1ecbnh s\u1eed d\u1ee5ng bi\u1ec3n alu b\u1ed3i decal cho doanh nghi\u1ec7p c\u1ee7a m\u00ecnh, c\u00f3 r\u1ea5t nhi\u1ec1u nh\u00e0 cung c\u1ea5p chuy\u00ean nghi\u1ec7p c\u00f3 th\u1ec3 gi\u00fap b\u1ea1n. Tr\u01b0\u1edbc khi \u0111\u1eb7t mua, h\u00e3y x\u00e1c \u0111\u1ecbnh k\u00edch th\u01b0\u1edbc, h\u00ecnh d\u00e1ng, v\u00e0 th\u00f4ng tin m\u00e0 b\u1ea1n mu\u1ed1n in tr\u00ean bi\u1ec3n. Sau \u0111\u00f3, li\u00ean h\u1ec7 v\u1edbi nh\u00e0 cung c\u1ea5p v\u00e0 y\u00eau c\u1ea7u b\u00e1o gi\u00e1 tr\u01b0\u1edbc khi \u0111\u1eb7t mua.<\/p>\n<h2 style=\"box-sizing: border-box; color: rgb(68, 186, 70); padding: 10px 5px; font-family: OpenSans-bold; text-transform: uppercase; font-size: 17px;\">\n<span style=\"box-sizing: border-box; font-family: \" times=\"\" new=\"\" roman\",=\"\" times,=\"\" serif;\"=\"\"><span style=\"box-sizing: border-box; font-size: 24px;\">VI. <a alt=\"b\u1ea3ng hi\u1ec7u\" href=\"https:\/\/quangcaochatviet.com\/bien-hieu-quang-cao\" rel=\"dofollow noopener noreferrer\" style=\"box-sizing: border-box; text-decoration-line: none;\" target=\"_self\" title=\"b\u1ea3ng hi\u1ec7u\">B\u1ea2NG HI\u1ec6U<\/a> NH\u1eeeNG L\u1edcI KHUY\u00caN KHI S\u1eec D\u1ee4NG BI\u1ec2N <a alt=\"ch\u1eef mica\" href=\"https:\/\/www.quangcaochatviet.com\/chu-noi-mica-alu-mdf\" rel=\"dofollow noopener noreferrer\" target=\"_blank\" title=\"alu\">alu<\/a><img decoding=\"async\" alt=\"Bi\u1ec3n Alu D\u00e1n Decal\" src=\"http:\/\/lambanghieuquangcao.vn\/storage\/pagedata\/100312\/img\/upload\/Product\/aluminium\/decal\/4.jpg\" title=\"Bi\u1ec3n Alu D\u00e1n Decal\"> B\u1ed2I DECAL<\/span><\/span><\/h2>\n<p style=\"box-sizing: border-box; color: rgb(51, 51, 51); font-family: arial; font-size: 16px;\">\n\tN\u1ebfu b\u1ea1n quy\u1ebft \u0111\u1ecbnh s\u1eed d\u1ee5ng bi\u1ec3n alu b\u1ed3i decal cho doanh nghi\u1ec7p c\u1ee7a m\u00ecnh, h\u00e3y l\u01b0u \u00fd nh\u1eefng l\u1eddi khuy\u00ean sau \u0111\u1ec3 t\u1eadn d\u1ee5ng t\u1ed1i \u0111a hi\u1ec7u qu\u1ea3 c\u1ee7a lo\u1ea1i bi\u1ec3n qu\u1ea3ng c\u00e1o n\u00e0y:<\/p>\n<h3 style=\"box-sizing: border-box; color: rgb(68, 186, 70); padding: 10px 5px; font-family: OpenSans-bold; text-transform: uppercase; font-size: 17px;\">\n\tA. \u0110\u1ec2 BI\u1ec2N ALU B\u1ed2I DECAL \u1ede N\u01a0I THO\u00c1NG M\u00c1T V\u00c0 KH\u00d4NG TI\u1ebeP X\u00daC V\u1edaI \u00c1NH N\u1eaeNG M\u1eb6T TR\u1edcI TR\u1ef0C TI\u1ebeP.<\/h3>\n<h3 style=\"box-sizing: border-box; color: rgb(68, 186, 70); padding: 10px 5px; font-family: OpenSans-bold; text-transform: uppercase; font-size: 17px;\">\n\tB. S\u1eec D\u1ee4NG CH\u1ea4T T\u1ea8Y R\u1eecA NH\u1eb8 \u0110\u1ec2 L\u00c0M S\u1ea0CH B\u1ec0 M\u1eb6T BI\u1ec2N TH\u01af\u1edcNG XUY\u00caN.<\/h3>\n<h3 style=\"box-sizing: border-box; color: rgb(68, 186, 70); padding: 10px 5px; font-family: OpenSans-bold; text-transform: uppercase; font-size: 17px;\">\n\tC. TR\u00c1NH S\u1eec D\u1ee4NG CH\u1ea4T T\u1ea8Y R\u1eecA C\u00d3 CH\u1ee8AC\u1ed2N HO\u1eb6C C\u00c1C CH\u1ea4T H\u00d3A H\u1eccC M\u1ea0NH, C\u00d3 TH\u1ec2 L\u00c0M GI\u1ea2M \u0110\u1ed8 B\u00d3NG C\u1ee6A BI\u1ec2N.<\/h3>\n<h3 style=\"box-sizing: border-box; color: rgb(68, 186, 70); padding: 10px 5px; font-family: OpenSans-bold; text-transform: uppercase; font-size: 17px;\">\n\tD. KI\u1ec2M TRA V\u00c0 S\u1eecA CH\u1eeeA BI\u1ec2N \u0110\u1ecaNH K\u1ef2 \u0110\u1ec2 \u0110\u1ea2M B\u1ea2O T\u00ccNH TR\u1ea0NG C\u1ee6A BI\u1ec2N LU\u00d4N \u1ede TR\u1ea0NG TH\u00c1I T\u1ed0T NH\u1ea4T.<\/h3>\n<h2 style=\"box-sizing: border-box; color: rgb(68, 186, 70); padding: 10px 5px; font-family: OpenSans-bold; text-transform: uppercase; font-size: 17px;\">\n<span style=\"box-sizing: border-box; color: rgb(0, 0, 153);\"><strong style=\"box-sizing: border-box; color: rgb(68, 186, 70);\"><span style=\"box-sizing: border-box; font-family: \" times=\"\" new=\"\" roman\",=\"\" times,=\"\" serif;\"=\"\">VII. T\u1ed4NG K\u1ebeT<\/span><\/strong><\/span><\/h2>\n<p><img decoding=\"async\" alt=\"Bi\u1ec3n Alu D\u00e1n Decal\" src=\"http:\/\/phuongdongphumy.com\/wp-content\/uploads\/2017\/08\/qc-phuong-dong-hiflexxx-1.jpg\" title=\"Bi\u1ec3n Alu D\u00e1n Decal\"><\/p>\n<p style=\"box-sizing: border-box; color: rgb(51, 51, 51); font-family: arial; font-size: 16px;\">\n\tBi\u1ec3n alu b\u1ed3i decal l\u00e0 m\u1ed9t lo\u1ea1i bi\u1ec3n qu\u1ea3ng c\u00e1o si\u00eau ti\u1ec7n l\u1ee3i, v\u1edbi nhi\u1ec1u \u01b0u \u0111i\u1ec3m v\u1ec1 k\u00edch th\u01b0\u1edbc, s\u00e1ng b\u00f3ng, b\u1ec1n \u0111\u1eb9p v\u00e0 d\u1ec5 d\u00e0ng l\u1eafp \u0111\u1eb7t. Tuy nhi\u00ean, lo\u1ea1i bi\u1ec3n n\u00e0y c\u0169ng c\u00f3 nh\u01b0\u1ee3c \u0111i\u1ec3m nh\u01b0 gi\u00e1 th\u00e0nh \u0111\u1eaft \u0111\u1ecf v\u00e0 kh\u00f4ng th\u00edch h\u1ee3p s\u1eed d\u1ee5ng ngo\u00e0i tr\u1eddi trong th\u1eddi gian d\u00e0i. N\u1ebfu b\u1ea1n quy\u1ebft \u0111\u1ecbnh s\u1eed d\u1ee5ng lo\u1ea1i bi\u1ec3n n\u00e0y, h\u00e3y l\u01b0u \u00fd c\u00e1c l\u1eddi khuy\u00ean khi s\u1eed d\u1ee5ng \u0111\u1ec3 \u0111\u1ea3m b\u1ea3o t\u1ed1i \u0111a hi\u1ec7u qu\u1ea3 cho chi\u1ebfn l\u01b0\u1ee3c marketing c\u1ee7a doanh nghi\u1ec7p c\u1ee7a m\u00ecnh.<\/p>\n<p><a href=\"https:\/\/google.vn\" style=\"text-align: center;font-size: 10px;font-weight: 600;display: flex;justify-content: center;color: blueviolet;\">POSTER FOXSEOTOOL<\/a><\/p>\n","protected":false},"excerpt":{"rendered":"<p>BI\u1ec2N ALU D\u00c1N DECAL L\u00c0 G\u00cc ? Bi\u1ec3n alu d\u00e1n decal \u0111\u01b0\u1ee3c l\u00e0m t\u1eeb hai l\u1edbp v\u1eadt li\u1ec7u kh\u00e1c nhau: l\u1edbp \u0111\u1ea7u ti\u00ean l\u00e0 t\u1ea5m nh\u00f4m, v\u00e0 l\u1edbp th\u1ee9 hai l\u00e0 decal. T\u1ea5m nh\u00f4m c\u00f3 \u0111\u1ed9 d\u00e0y t\u1eeb 0.3mm-2mm, v\u00e0 \u0111\u01b0\u1ee3c c\u1eaft theo k\u00edch th\u01b0\u1edbc c\u1ea7n thi\u1ebft cho bi\u1ec3n qu\u1ea3ng c\u00e1o. Sau \u0111\u00f3, decal s\u1ebd &hellip;<\/p>\n","protected":false},"author":3,"featured_media":0,"parent":0,"menu_order":0,"comment_status":"closed","ping_status":"closed","template":"","meta":{"footnotes":""},"_links":{"self":[{"href":"http:\/\/saanouni.com\/index.php?rest_route=\/wp\/v2\/pages\/671"}],"collection":[{"href":"http:\/\/saanouni.com\/index.php?rest_route=\/wp\/v2\/pages"}],"about":[{"href":"http:\/\/saanouni.com\/index.php?rest_route=\/wp\/v2\/types\/page"}],"author":[{"embeddable":true,"href":"http:\/\/saanouni.com\/index.php?rest_route=\/wp\/v2\/users\/3"}],"replies":[{"embeddable":true,"href":"http:\/\/saanouni.com\/index.php?rest_route=%2Fwp%2Fv2%2Fcomments&post=671"}],"version-history":[{"count":1,"href":"http:\/\/saanouni.com\/index.php?rest_route=\/wp\/v2\/pages\/671\/revisions"}],"predecessor-version":[{"id":673,"href":"http:\/\/saanouni.com\/index.php?rest_route=\/wp\/v2\/pages\/671\/revisions\/673"}],"wp:attachment":[{"href":"http:\/\/saanouni.com\/index.php?rest_route=%2Fwp%2Fv2%2Fmedia&parent=671"}],"curies":[{"name":"wp","href":"https:\/\/api.w.org\/{rel}","templated":true}]}}